?
True
Is 87235878559 a composite number?
False
Is 734251823 a prime number?
True
Is 9580729 prime?
True
Is 54424286129 a composite number?
False
Is 56509141483 a prime number?
False
Is 282678966005 composite?
True
Is 5669279089 prime?
False
Is 11307076861 composite?
False
Is 706687973 a composite number?
True
Is 25992885899 a prime number?
True
Is 906605567 a prime number?
False
Is 6218471878 composite?
True
Is 58812797873 composite?
False
Is 27094688911 composite?
True
Is 122223649 composite?
True
Is 19673786269 prime?
True
Is 3825196127 a prime number?
True
Is 133845082121 a prime number?
True
Is 5871137851 a composite number?
False
Is 380147251661 a prime number?
True
Is 2148228883 prime?
False
Is 54386975341 prime?
False
Is 12974229349 composite?
True
Is 1946479303 a composite number?
False
Is 6266504887 composite?
False
Is 4367419937 a composite number?
False
Is 4594796929 a prime number?
False
Is 8774349421 composite?
False
Is 3058454537 a prime number?
True
Is 23945987833 a prime number?
True
Is 36267650707 a prime number?
True
Is 994826761 a prime number?
True
Is 9209831999 a prime number?
True
Is 9377209 a prime number?
True
Is 5294928047 a composite number?
False
Is 745531099 prime?
True
Is 573198547 composite?
True
Is 52721830199 a composite number?
False
Is 918208153 a prime number?
True
Is 19748485853 composite?
True
Is 67276199 a composite number?
False
Is 167151947 a composite number?
False
Is 3864202409 prime?
False
Is 46038799601 a prime number?
True
Is 756765505 prime?
False
Is 71413152817 a composite number?
False
Is 795037961 prime?
False
Is 12817096349 a composite number?
False
Is 5406232423 a composite number?
False
Is 77855653697 a composite number?
False
Is 19673508919 composite?
True
Is 1134922973 a prime number?
False
Is 19740628679 a composite number?
False
Is 132867751987 a composite number?
True
Is 6173605849 composite?
False
Is 1460469187 a composite number?
True
Is 1762708229 a composite number?
True
Is 5187429677 prime?
False
Is 26158950143 composite?
False
Is 199369889 a composite number?
False
Is 3772554281 prime?
True
Is 1426527269 a prime number?
False
Is 28898103503 composite?
False
Is 2275179239 a composite number?
True
Is 2534263709 a composite number?
True
Is 3003887203 a composite number?
True
Is 71533491307 a composite number?
False
Is 148796231 composite?
False
Is 5655362071 prime?
True
Is 2475467711 a composite number?
False
Is 363587767 a prime number?
True
Is 3205994063 prime?
False
Is 16298618527 prime?
True
Is 2225025779 prime?
True
Is 36244514827 prime?
False
Is 42638695871 prime?
True
Is 66223931047 a prime number?
True
Is 5330749999 composite?
False
Is 775293573 prime?
False
Is 11474247791 a prime number?
False
Is 5253326573 a composite number?
True
Is 728327687 composite?
True
Is 53631772631 composite?
False
Is 441819101 composite?
False
Is 2375942011 a prime number?
True
Is 6300473919 a composite number?
True
Is 32407733 a prime number?
False
Is 18434541662 a composite number?
True
Is 1702712447 prime?
False
Is 3997497527 a composite number?
False
Is 878393983 composite?
True
Is 2740278277 a composite number?
True
Is 397824947 a composite number?
True
Is 2052190537 a composite number?
False
Is 350910559 composite?
False
Is 2379122605 prime?
False
Is 14488875941 composite?
True
Is 96127517881 composite?
False
Is 2413700231 a prime number?
True
Is 163888649317 a prime number?
False
Is 1782571657 a composite number?
True
Is 113291825477 composite?
False
Is 1451526467 a prime number?
True
Is 374724877 composite?
False
Is 51578384707 composite?
False
Is 102658109969 composite?
False
Is 95177041 a prime number?
True
Is 197055133 prime?
False
Is 9999683501 composite?
False
Is 70936357 a composite number?
True
Is 96229353093 a prime number?
False
Is 200524801823 composite?
True
Is 3804431261 prime?
True
Is 149189593757 composite?
False
Is 2209758827 prime?
False
Is 12404216891 prime?
False
Is 1705688129 prime?
True
Is 44126875193 a prime number?
False
Is 16754962157 prime?
True
Is 9520662517 prime?
True
Is 1185841331 a prime number?
False
Is 153747367 prime?
True
Is 185112959 composite?
False
Is 108304913 composite?
False
Is 6825914281 a prime number?
True
Is 2991414559 a composite number?
True
Is 7981385047 prime?
False
Is 166291757293 a prime number?
False
Is 88252373 prime?
False
Is 2240895551 composite?
False
Is 270876707 a prime number?
False
Is 52041502187 a composite number?
False
Is 34491330533 composite?
True
Is 4611209451 prime?
False
Is 979869821 prime?
False
Is 151418985661 composite?
True
Is 9360029141 a prime number?
True
Is 17387876083 composite?
False
Is 38265618991 composite?
False
Is 4396707071 a prime number?
False
Is 398429831 a composite number?
False
Is 27583552123 composite?
False
Is 2118274159 a prime number?
False
Is 1661225003 prime?
False
Is 132440049757 a composite number?
False
Is 3717793649 composite?
True
Is 53176883 a prime number?
False
Is 620172142 a prime number?
False
Is 2550220037 a prime number?
False
Is 353211659 a prime number?
True
Is 10240540301 composite?
False
Is 2551290767 a composite number?
False
Is 879067577 prime?
True
Is 33885075179 prime?
False
Is 2904025811 a composite number?
False
Is 3633138947 composite?
True
Is 1246464877 composite?
True
Is 115812597386 composite?
True
Is 10050249169 composite?
True
Is 544625657 a prime number?
False
Is 661460833 composite?
True
Is 2431671595 a prime number?
False
Is 337444501 a composite number?
False
Is 763651573 composite?
True
Is 4139873 a prime number?
True
Is 114351311 a composite number?
False
Is 15068296927 composite?
False
Is 25201519 prime?
False
Is 44865009427 prime?
False
Is 1763223629 a prime number?
False
Is 31025028289 a prime number?
True
Is 57646299859 prime?
False
Is 21419741099 composite?
False
Is 9436864369 a prime number?
True
Is 76259072501 a prime number?
True
Is 9356481109 a prime number?
True
Is 2056142909 composite?
True
Is 1498256011 prime?
False
Is 4574049079 a composite number?
True
Is 4074179531 a composite number?
False
Is 677956427 composite?
False
Is 3347531641 a composite number?
False
Is 958087069 a composite number?
True
Is 2225664269 composite?
False
Is 367060951 a composite number?
True
Is 6661693997 prime?
False
Is 1450251119 composite?
False
Is 567059377 composite?
False
Is 28628806007 composite?
False
Is 30845609966 a prime number?
False
Is 393077323 composite?
True
Is 4188149701 a composite number?
False
Is 6800446421 composite?
False
Is 4421700713 composite?
False
Is 199105476403 a prime number?
True
Is 689522381 prime?
False
Is 134862275369 a prime number?
True
Is 50318168543 prime?
False
Is 646126068833 prime?
False
Is 10006785079 composite?
False
Is 147022636789 prime?
False
Is 87478960297 a prime number?
False
Is 2264695159 a prime number?
True
Is 1843999933 a composite number?
False
Is 13759181 prime?
True
Is 1292893481 a prime number?
False
Is 8226849541 composite?
False
Is 7433519939 a composite number?
False
Is 1095457183 prime?
True
Is 44809597639 a composite number?
False
Is 186166321 a composite number?
True
Is 23616178723 a prime number?
False
Is 11424438611 composite?
True
Is 1098253357 prime?
True
Is 758224573 prime?
False
Is 12111628429 a prime number?
False
Is 1980781711 a prime number?
False
Is 40957122103 a composite number?
False
Is 287956399 prime?
False
Is 1047187091 a composite number?
True
Is 3234468613 a prime number?
True
Is 8904261103 a prime number?
True
Is 44615591387 composite?
True
Is 4845638159 composite?
True
Is 2060762647 a composite number?
True
Is 931363291 composite?
True
Is 10820261 a composite number?
True
Is 3981676577 a composite number?
True
Is 3128683967 a prime number?
True
Is 1717149281 a prime number?
False
Is 2099723677 a composite number?
True
Is 682504379 prime?
False
Is 628863667 a prime number?
False
Is 506799149 prime?
True
Is 1740054961 prime?
False
Is 5162325953 a prime number?
False
Is 81340552042 composite?
True
Is 1557832537 composite?
True
Is 86550706577 composite?
True
Is 369462267455 a prime number?
False
Is 23558985221 a composite number?
True
Is 11376130229 a composite number?
False
Is 1787194363 prime?
True
Is 48393803587 a composite number?
False
Is 2982290711 a prime number?
False
Is 2156568173 compo